 0).
3, 179
Suppose w + 474 - 1539 = -3*g, w + 2*g = 1069. What are the prime factors of w?
3, 359
Suppose -p - 7 = -2*d + 1, p + 5*d = -1. What are the prime factors of (-2)/3 - (912/(-18) - p)?
2, 11
Let w(a) = -31*a**3 - 3*a - 21. What are the prime factors of w(-3)?
3, 5, 11
Let u(z) be the second derivative of 65*z**3/6 - 3*z**2/2 + 7*z. List the prime factors of u(1).
2, 31
Suppose 0 = 20*a - 27*a + 616. What are the prime factors of a?
2, 11
Suppose 5*c - 4*c + 3*o - 578 = 0, -2*o + 2302 = 4*c. List the prime factors of c.
5, 23
Let s(g) = 7*g**2 - 3*g - 13. Let n(c) = -c**2 + c. Let r(f) = 6*n(f) + s(f). List the prime factors of r(-7).
3, 5
Let w(y) = -8*y**3 + 2*y**2 - 3*y - 4. List the prime factors of w(-3).
239
Suppose 3*p - 4*h - 2527 = 0, -8*p + p - h = -5886. List the prime factors of p.
29
Suppose 4*r + u - 412 = 5*u, -5*r + 2*u + 521 = 0. Suppose r + 99 = 4*l. What are the prime factors of l?
3, 17
Suppose -153 = -6*k + 555. Let m = 228 - k. List the prime factors of m.
2, 5, 11
Let p(z) = 17*z**3 + z**2 + 19*z - 7. List the prime factors of p(4).
3, 17, 23
Let r(w) = 116*w + 3. Let y be r(-3). Let d = y - -637. List the prime factors of d.
2, 73
What are the prime factors of (2973/6)/((-75)/(-10) - 7)?
991
List the prime factors of 3 - -14*(-1029)/(-6).
2, 601
Suppose 385 = 5*m + 2*h, -m - 155 = -3*m - h. List the prime factors of m.
3, 5
Let b = 109 + 581. List the prime factors of b.
2, 3, 5, 23
Let d(k) = 4*k + 161. List the prime factors of d(8).
193
Let m = -6618 - -10219. List the prime factors of m.
13, 277
Suppose 3*x - x + 2*d = 12, -x - 4*d = 0. Suppose -315 = -i - x*i. List the prime factors of i.
5, 7
Let x = -8118 - -14902. List the prime factors of x.
2, 53
Let m(b) = 18*b**3 + 2 + 2*b**2 + 3*b - 8*b**3 - 13*b**3. Let l be m(-1). List the prime factors of (l - 6 - 4)*-10.
2, 3, 5
Let h be (-52)/(-13)*(-10)/16*-2. Suppose -i + 3*i = h*z + 225, i - 140 = -3*z. List the prime factors of i.
5
Let z(g) = g + 466. List the prime factors of z(33).
499
Let r(y) = 5*y**3 - y**2 + 13*y - 64. What are the prime factors of r(7)?
1693
Let u be 18*(-3)/(-2) + -3. Let d be u + (3 - 3 - -3). List the prime factors of (-39)/(-2)*36/d.
2, 13
Let q = 523 - 792. Let u = -114 - q. List the prime factors of u.
5, 31
Let y be 0/((-4 + 9 + -4)/1). Suppose 2*g = 4*z - 448, 2*z + 2*g - g - 224 = y. List the prime factors of z.
2, 7
Let i be 3 - (-1 - 0)*3. Suppose i = 2*n - 22. Let s = 32 - n. List the prime factors of s.
2, 3
Suppose -z - v + 558 = -279, -2507 = -3*z - v. List the prime factors of z.
5, 167
Suppose 4*l + 87 = 3*y, 2*l - 47 = -4*y + 47. Let m be (-8 - -9)*(2 + y). Let f = m + -16. What are the prime factors of f?
11
Let q = 173 + -147. Suppose -4*n = -q - 258. List the prime factors of n.
71
Suppose 2*f + 30 = -f. Let y be (-2 + (-8)/f)*-10. Suppose -212 + y = -5*j + 3*g, 3*j - 2*g - 119 = 0. What are the prime factors of j?
43
Suppose 6 + 6 = 4*s. Suppose -3*w + 0 = -3, 0 = -s*r + 4*w + 65. What are the prime factors of r?
23
Let w be (-2)/4 - (-235)/10. Suppose w + 17 = 2*a. Suppose -2*i + a = -i. List the prime factors of i.
2, 5
Suppose -4*m - 8 = 0, 4*d + 8*m - 1964 = 4*m. List the prime factors of d.
17, 29
Suppose 3*t = -4*g + 55, -7*t + 5*g + 45 = -2*t. Let l = t + -16. List the prime factors of l - (-3 - 23) - -3.
2, 13
Let c(y) = -4*y + 25. Let p be 3 - (4 + (-2 - -3)*-1). List the prime factors of c(p).
5
Suppose -62*i + 22638 = -29*i. List the prime factors of i.
2, 7
Let b be 6/9*(-171)/(-2). Suppose -3*q - c - b = -7*q, 0 = q + 2*c - 3. What are the prime factors of q?
13
Suppose -1089 = 6*t - 4929. What are the prime factors of t?
2, 5
Let y(a) = a**3 - 5*a**2 + 7*a + 4. Let c be y(6). Suppose -4*t - h + 239 + 80 = 0, -t = h - c. Suppose 0 = -5*f + t - 24. List the prime factors of f.
11
Suppose o = 5*l + 277, -4*l - 1141 - 307 = -5*o. What are the prime factors of o?
2, 73
Let j(z) = -5*z + 31. Let x = -35 + 27. What are the prime factors of j(x)?
71
Let l(k) = -4 + 3*k + 5*k + 5 - 3. Suppose 2*x = -0*x + 4. List the prime factors of l(x).
2, 7
Let c(a) = -1. Let h(m) = -18*m + 31. Let t(s) = -3*c(s) - h(s). What are the prime factors of t(11)?
2, 5, 17
Suppose -487 = 18*j - 2989. What are the prime factors of j?
139
Let n = -491 + 905. List the prime factors of n.
2, 3, 23
Let d be 2*(3 + (-50)/(-2)). Suppose 139 = 4*t - 3*o - 2*o, 2*o = -2*t + d. What are the prime factors of t?
31
List the prime factors of 33/(4 + (-17)/5).
5, 11
Suppose 85*m = 82*m + 1953. What are the prime factors of m?
3, 7, 31
Suppose -y = -3*t - 820, -4*y + 2*y + 1629 = 5*t. List the prime factors of y.
19, 43
Suppose 3*i = 5*u + 1, 3*u + 2 - 5 = 0. List the prime factors of (-1498)/(-8) - 3*i/24.
11, 17
Suppose 2*m - 15 - 5079 = 0. Let x = -837 + m. What are the prime factors of x/42 - 2/(-7)?
41
Suppose -4*o - 32 = -2*m, 44 = -0*o - 4*o - m. List the prime factors of o/(-25) + (-248)/(-5).
2, 5
Suppose -3*z + 3 = -3. Suppose 0 = -y - 0*p - z*p + 1, 5*y - 5*p - 20 = 0. What are the prime factors of y?
3
Let x(d) = -2*d + 155. Let i be x(0). Let q be (i/10)/(1/2). Let u = q + -11. What are the prime factors of u?
2, 5
Suppose -398*a + 405*a - 3241 = 0. List the prime factors of a.
463
Suppose -t + 51 = -1019. List the prime factors of t.
2, 5, 107
Suppose 429 = 7*f - 4*f. Let z = f - 68. What are the prime factors of z?
3, 5
Let c(y) = y**3 - 3*y**2 + y + 12. Let f be (-2)/5 + (-608)/(-95). Let t be c(f). Suppose -60 - t = -3*o. List the prime factors of o.
2, 31
Suppose v = 3*v. Suppose v*r = -r. List the prime factors of 2 + 1 + r - 0.
3
Let j(t) = t**3 + 8*t**2 - t - 2. Let p be j(-7). Suppose i = 2*k - 34, 4*i - p = -2*k - 10. Suppose 0 = -z + k - 6. What are the prime factors of z?
2, 3
Let l = 11 + -8. Suppose 2 = 2*f, 0 = 2*g - l*f + f - 106. Suppose -5*i = y - g, -3*y + i = -2*i - 90. List the prime factors of y.
2, 17
Suppose -3*g = -5*h - 17, -21 - 10 = -3*g - 2*h. Let o = -4 + g. What are the prime factors of o?
5
Let s = -2600 - -3671. List the prime factors of s.
3, 7, 17
Let a be 6 + -1*(-2)/(-1). What are the prime factors of (0 + -31)/(a/(-8))?
2, 31
Suppose 4*h - 11 = 1. Suppose 3*y = -4*z - 20, -z + h*z = 2*y - 10. Suppose -48 = -4*l + 4*o, y*l + 66 = 5*l - 2*o. What are the prime factors of l?
2, 7
Let p be 4/((-48)/(-364)) + (-2)/(-3). Let l = p + 56. List the prime factors of l.
3, 29
Let j(x) = -37*x**3 - 3*x - 2. Let v be j(-2). Suppose -v = 3*c + 2*c. List the prime factors of c/(-8)*(-8)/(-3).
2, 5
Let i be (0 - 4) + (1 - 0) + 3. Suppose i*z + 3*z + 2*u = 66, -3*u + 63 = 3*z. What are the prime factors of z?
2, 3
List the prime factors of -740*5/(-40)*6.
3, 5, 37
Suppose 5*b - q = 3*q + 10, 0 = -5*q + 25. Suppose s = b*s - 1080. List the prime factors of s.
2, 3
Suppose 0 = -3*q + 7 - 37. Let i(x) = 11 - x**3 - 2*x - 10*x**2 + 10 - 16. What are the prime factors of i(q)?
5
Suppose 9*u - 2463 - 12441 = 0. List the prime factors of u.
2, 3, 23
Suppose -4*j + 314 = -7974. What are the prime factors of j?
2, 7, 37
Suppose -3*i - 2*y + 182 = 0, -5*y - 252 - 43 = -5*i. Suppose 10 = -2*x + i. What are the prime factors of x?
5
Let u(r) = 66*r + 4. Let i be (2 - 1)/(10 + -9). What are the prime factors of u(i)?
2, 5, 7
Let s = -717 + 2400. Suppose -10*b = -b - s. List the prime factors of b.
11, 17
Let v be (-12)/66 + 3898/22. Suppose 0 = -5*f + v + 258. What are the prime factors of f?
3, 29
Let x(w) = 86*w**2 + 27*w + 24. List the prime factors of x(-5).
2039
Let b = 8 - 3. Suppose -2*q - 1280 = -6*q. Suppose -5*z = b*p - q, 0 = -3*p - 3*z - z + 191. List the prime factors of p.
5, 13
Let s be (-5)/(3 + 76/(-26)). Let b = 153 + -244. Let j = s - b. What are the prime factors of j?
2, 13
Suppose 3*n + 121 - 34 = 0. Let o = n - -63. List the prime factors of o.
2, 17
Let t(z) = 39*z**3 + 19*z**2 - 10*z - 7. List the prime factors of t(5).
67, 79
Let y(g) = g**3 - 9*g**2 + 10*g + 12. Let q(z) = 2*z + 14. Let s be q(-3). What are the prime factors of y(s)?
2, 7
Suppose 0 = -2*y - 5 + 11. Suppose -60 = y*x - 4*x. Suppose -4*c - 3*v + x = 4, 0 = 5*c + 3*v - 67. List the prime factors of c.
11
Let q(h) = -3*h**3 - h**2 - 5. Suppose 3*m + 12 = -3*m. What are the prime factors of q(m)?
3, 5
Let y = -82 + 84. Suppo